List the prime factors of y.
2, 3, 11
List the prime factors of ((-6)/(-2) - -1) + (47 - 9).
2, 3, 7
Let f(b) = -b**3 + 12*b**2 - 6*b + 34. What are the prime factors of f(10)?
2, 3, 29
Suppose 0 = 5*p - 6 - 9. Let q = p + 17. List the prime factors of q.
2, 5
Let t(x) be the first derivative of -11*x**4/2 + 2*x**3/3 - x**2/2 - 2*x + 3. What are the prime factors of t(-1)?
23
Let o = 9 - 6. Let c(p) = -p + 5. What are the prime factors of c(o)?
2
Suppose 0 = 7*w - 1561 - 161. What are the prime factors of w?
2, 3, 41
Let t = 107 - 57. Let x = -10 + 13. Suppose -2*y = -7*p + 3*p - t, 0 = y + x*p. What are the prime factors of y?
3, 5
Let s be (-6)/4*4/(-6). Let q(k) = -2*k**2 - 1 + 0*k**2 + 14*k**3 + 3*k**2 - 2*k**3. List the prime factors of q(s).
2, 3
Let o = -17 + 27. What are the prime factors of o?
2, 5
What are the prime factors of (17 - (6 + -2))*1?
13
Suppose -q - 2*q = 5*k - 150, -2*k + 60 = 4*q. What are the prime factors of k?
2, 3, 5
Let w(x) = x - 1. Let u be w(2). What are the prime factors of -16*(2 + u + -4)?
2
Let f = 7 + 231. List the prime factors of f.
2, 7, 17
Suppose 3*n + 3*f + f = 213, -4*n - f + 284 = 0. Suppose d - n = -5*u, -d + 32 = -3*u + 81. List the prime factors of u.
3, 5
Suppose 0 = 4*u - 592 - 308. List the prime factors of u.
3, 5
Let p(g) = -g**3 - 6*g**2 - 2*g - 4. Let d be p(-6). Suppose 2*b = 28 + d. What are the prime factors of b?
2, 3
Let s be 4/(-30) + (-366)/(-45). Let v(y) = 5*y - 18. List the prime factors of v(s).
2, 11
What are the prime factors of 35 - (-30)/6 - 0?
2, 5
List the prime factors of 3/4 - (-14375)/92.
157
Let p be (2 + -2 - -1)*2. Let r be ((-10)/(-2))/(p - 1). Suppose r*i + 25 = 80. What are the prime factors of i?
11
Let d = 6 + -3. Suppose 0 = d*p - 3 - 12. What are the prime factors of p?
5
Suppose -2*h - 8 = -6*h, -2*h + 28 = 4*k. What are the prime factors of k?
2, 3
Let s(p) = 2*p**3 + 24*p**2 + 8*p + 1. List the prime factors of s(-11).
5, 31
Let q(t) = -t**3 - 4*t**2 - 2*t - 5. Let c be q(-4). Suppose -3*n = -15, h - 38 = -c*n - 7. What are the prime factors of h?
2
Let z = 15 - 10. Let j(n) = 14*n. Let i be j(2). Suppose z*o = o + i. List the prime factors of o.
7
Let z = 66 + -28. List the prime factors of z.
2, 19
Suppose -x = -6*x + 110. Suppose -x = 5*r - 167. List the prime factors of r.
29
Suppose 4 + 2 = 3*s. Suppose -z - g = s*g - 4, -2*z - 3*g = -8. What are the prime factors of z?
2
Suppose -181 - 317 = -6*v. List the prime factors of v.
83
Suppose -318 = 23*j - 26*j. List the prime factors of j.
2, 53
Let y = 62 + -41. What are the prime factors of y?
3, 7
Let z = 0 - -2. Suppose 0 = -s - z + 4. Suppose 36 = -3*w + 6*w - s*g, 3*w = g + 39. What are the prime factors of w?
2, 7
Let x(a) = -a**2 - a + 2. Let f be x(-3). Let c = 7 + f. What are the prime factors of c?
3
Let m(h) = -7*h - 7. Let p be m(-8). Let d = p + -26. What are the prime factors of d?
23
Let m(s) = -6*s + 1. Let b be m(-7). Suppose -5*g + b = -12. What are the prime factors of g?
11
Suppose 14 + 0 = -2*i. What are the prime factors of 408/42 - 2/i?
2, 5
Suppose 3*g + 47 = 4*g. What are the prime factors of g?
47
Let i = -23 - -81. Let d = -15 + i. What are the prime factors of d?
43
What are the prime factors of 208 - (-4 + 2) - (1 + -1)?
2, 3, 5, 7
Let m(l) = 21*l - 10*l - 5 + 2*l**2 - 4*l**2. Let j be m(8). List the prime factors of (-6)/((-5)/(j/(-6))).
3
Let a be (12 + -6)*20/6. List the prime factors of (-103)/(-4) - 15/a.
5
Suppose 0*d + 8 = -d - 2*f, 3*d + 2*f = -8. Suppose -4*v - 4*i - 34 = 6, 3*v + 4*i + 29 = d. What are the prime factors of ((v - 0) + 0)*-1?
11
Let c = 1339 - 954. What are the prime factors of c?
5, 7, 11
Let f be 7 - 1*(-2 - 0). Let g(s) = -s**2 + 8*s + 12. Let t be g(f). Suppose -4*q - t*i = q - 30, 0 = -4*q - 3*i + 24. What are the prime factors of q?
2, 3
Let w be 4 - 7/(7/6). What are the prime factors of 1 + (40 - (-3 - w))?
2, 3, 7
Let j be -1 + -35 + -3 + 3. Let m = -19 - j. List the prime factors of m.
17
Suppose 9 + 6 = r - c, -3*r + 50 = 2*c. Suppose -4*p + r = -2*b, -12 = -3*p + 2*b + 3*b. Suppose g = -p*g + 35. What are the prime factors of g?
7
Suppose 0*j + 3*j = -18. Let w = 13 + j. Suppose 32 = 3*x + 3*d - w*d, d + 2 = 0. What are the prime factors of x?
2
Suppose -t = 4*x - 105, -3*t = 2*x + 2*t - 39. What are the prime factors of x?
3
Let r be ((-50)/3)/((-2)/6). Let s = 87 + -85. Suppose -4*f - s = -r. List the prime factors of f.
2, 3
Suppose 257 - 177 = 4*d. List the prime factors of d.
2, 5
Suppose -2*c + 11 = 3*z, 2*c + 3*c - 3*z = 38. Suppose -4*y + 20 = -r + 4, -4*r - c = 3*y. What are the prime factors of y?
3
Let j be 14/21 + (-19)/(-3). What are the prime factors of j + 1 + -5 + 2?
5
Let g(t) = -9*t - 19. Let r be g(-8). Suppose 5*d = -r + 203. What are the prime factors of d?
2, 3, 5
Suppose 11 = 5*m - 9. What are the prime factors of (-3 + m*3)/1?
3
Suppose 8*i - 380 = 4*i. What are the prime factors of i?
5, 19
Suppose 2*u - 4 = 0, 13 + 39 = 5*b + u. Suppose 0 = j - 6*j + b. What are the prime factors of 2 - (0/j - 1)?
3
Suppose k + 0*k = 4*q + 47, -102 = -3*k - q. Let i = k + -4. What are the prime factors of i?
31
Let p = 116 - 64. List the prime factors of p.
2, 13
Let s = 4 - -18. What are the prime factors of s?
2, 11
Suppose -10*i - j + 748 = -7*i, -i + 258 = -4*j. List the prime factors of i.
2, 5
Suppose -p - 4*f - 5 = 0, 2*f + 0 = -p - 1. What are the prime factors of p?
3
Let a(n) = -n**3 + 10*n**2 - 10*n - 4. What are the prime factors of a(6)?
2, 5
Suppose 5*m - 103 = -4*p, 3*p - 2*m - 118 + 12 = 0. What are the prime factors of p?
2
Let w(p) = -3*p + 8. Let m be w(3). Let a = m + 36. List the prime factors of a.
5, 7
Let a = 58 - 40. What are the prime factors of a?
2, 3
Suppose 5*p + 5*z - 10 = 0, 0*p + 4*z - 8 = -2*p. Suppose p*j = j - 18. What are the prime factors of j?
2, 3
Let q be (-1)/3*(-15 - -192). Let y = -29 - q. List the prime factors of y.
2, 3, 5
What are the prime factors of 103*((-4)/(-6) + 11/33)?
103
What are the prime factors of 295/20 - 6/(-24)?
3, 5
Let l be (-1)/(-1 + 0) + 3. Suppose -5*s + 0*s - 73 = -l*f, 2*s - 2 = -f. What are the prime factors of f?
2, 3
Suppose 5*s = 0, 5*x + 264 = -s + 1509. What are the prime factors of x?
3, 83
Let v be 20/8 + (-2)/(-4). What are the prime factors of 22/6 + v/9?
2
Suppose 264 = 5*w - 86. List the prime factors of w.
2, 5, 7
Suppose 16 = -0*u - 4*u. Let o = 29 + -13. Let f = u + o. What are the prime factors of f?
2, 3
Suppose -z = 5*x + 8, 0*x = 5*z + 2*x - 29. What are the prime factors of z?
7
Let q(m) = -10*m + 2. Suppose 5*w + 10 = -3*c, -4*c + 7*w - 24 = 3*w. List the prime factors of q(c).
2, 13
Let t(k) = 3*k - k - k + 5*k**3 - 1. What are the prime factors of t(1)?
5
Let i(q) = q**2 - 4*q + 4. Let l be i(6). Suppose -2*p = -4*p + l. What are the prime factors of p?
2
Let l(n) = -18*n - 3. List the prime factors of l(-1).
3, 5
Suppose 289 + 39 = 4*o. What are the prime factors of o?
2, 41
Suppose 0 = 3*j - 5*j. Suppose 2*p = -5*f + 13, f - 2 = -j*f - p. List the prime factors of f.
3
Let v be (-6)/24 + (-18)/(-8). What are the prime factors of (-17)/(-2) - (-1)/v?
3
Suppose -h + 9 + 19 = 0. List the prime factors of h.
2, 7
Let j = 5 + 7. Let w = 12 + -7. Let s = j - w. List the prime factors of s.
7
Let w(x) = x - 3. Let a be w(6). Let u(d) = 6*d**2 - 3*d - 4 + 4*d**3 + d - 5*d**a. List the prime factors of u(5).
11
List the prime factors of (0 - -45)/(3/6).
2, 3, 5
Let v(l) = 6*l**2 - l - 5. Let g(q) = 1. Let o(u) = 4*g(u) + v(u). Suppose i - 4 = p - 10, -3*p = 2*i - 13. What are the prime factors of o(i)?
2, 3
What are the prime factors of 138 + (6*(-2)/(-4) - 0)?
3, 47
Let o(x) = x**3 - 3*x**2 + x - 1. Let i(j) = -j**2 + 3*j + 2. Let s be i(3). Let w be o(s). What are the prime factors of 2/6 - 17/w?
2, 3
Let a(q) = 7*q**3 - q**2. Let s be a(1). Let r(k) = 2*k. List the prime factors of r(s).
2, 3
Let g(u) = -u**3 + 4*u**2 - u - 5. Let h be g(4). Let c = h + 14. Suppose c = 4*v - 7. List the prime factors of v.
3
Let b(m) = -m - 8. Let o be b(-4). Let x(a) be the third derivative of -a**4/4 - a**3 + 3*a**2. List the prime factors of x(o).
2, 3
Let p = -2 - -7. Let m be p*-3*6/(-45). Suppose 2*g + 3*g = m*f - 37, 3*f = -4*g - 2. List the prime f